39676039.
59, 5757221
List the prime factors of 56211252.
2, 3, 83, 56437
What are the prime factors of 1010981512?
2, 126372689
What are the prime factors of 3447163175?
5, 137, 1006471
What are the prime factors of 134207010?
2, 3, 5, 7, 17, 4177
What are the prime factors of 180176038?
2, 7, 1838531
What are the prime factors of 97026740?
2, 5, 4851337
List the prime factors of 11636580.
2, 3, 5, 193943
What are the prime factors of 522510471?
3, 7, 101, 11731
List the prime factors of 283257889.
41, 6908729
What are the prime factors of 7197110688?
2, 3, 23, 3259561
List the prime factors of 418046173.
3769, 110917
What are the prime factors of 47532735?
3, 5, 41, 25763
What are the prime factors of 54208379?
83, 653113
List the prime factors of 76825840.
2, 5, 7, 13, 61, 173
List the prime factors of 23005397.
499, 46103
List the prime factors of 153645902.
2, 76822951
What are the prime factors of 344270679?
3, 3779, 30367
What are the prime factors of 11700353?
7, 23, 72673
What are the prime factors of 724549?
7, 89, 1163
List the prime factors of 48485781.
3, 953, 5653
What are the prime factors of 263191934?
2, 179, 735173
List the prime factors of 33513436.
2, 11, 761669
What are the prime factors of 1786555335?
3, 5, 67, 199, 8933
What are the prime factors of 4223308041?
3, 1429, 328381
What are the prime factors of 45399189?
3, 11, 19, 61, 1187
What are the prime factors of 1310691112?
2, 491, 333679
List the prime factors of 711664621.
113, 457, 13781
What are the prime factors of 9723353?
941, 10333
List the prime factors of 390930648.
2, 3, 16288777
List the prime factors of 89309030.
2, 5, 1093, 8171
List the prime factors of 120658437.
3, 23, 331, 587
List the prime factors of 32604783.
3, 709, 15329
List the prime factors of 375799615.
5, 59, 859, 1483
What are the prime factors of 7402373523?
3, 47, 17499701
What are the prime factors of 265583107?
31, 8567197
What are the prime factors of 69895853?
69895853
List the prime factors of 885497499.
3, 1637, 60103
List the prime factors of 210387260.
2, 5, 1021, 10303
List the prime factors of 3867885854.
2, 7, 3361, 11743
What are the prime factors of 456928490?
2, 5, 1789, 25541
List the prime factors of 121093313.
11, 11008483
What are the prime factors of 117053426?
2, 7, 8360959
What are the prime factors of 6691439916?
2, 3, 7, 8851111
What are the prime factors of 136199823?
3, 73, 569, 1093
What are the prime factors of 279239259?
3, 13, 37, 193513
List the prime factors of 67128547.
31, 43, 50359
List the prime factors of 1246797043.
19, 197, 333101
List the prime factors of 234490734.
2, 3, 233, 18637
What are the prime factors of 4453610862?
2, 3, 2473, 300149
What are the prime factors of 717333404?
2, 61, 2939891
List the prime factors of 653835804.
2, 3, 54486317
What are the prime factors of 2189464458?
2, 3, 67, 5446429
List the prime factors of 313419443.
29, 10807567
List the prime factors of 127943416.
2, 19, 331, 2543
What are the prime factors of 2428765107?
3, 809588369
List the prime factors of 30266025.
3, 5, 403547
List the prime factors of 22963814.
2, 71, 161717
List the prime factors of 2721150504.
2, 3, 29, 434411
List the prime factors of 21310989.
3, 7, 19, 53411
What are the prime factors of 382452191?
11, 43, 811, 997
List the prime factors of 1318991589.
3, 43, 3408247
What are the prime factors of 2182091054?
2, 11, 13, 31, 246119
List the prime factors of 460403481.
3, 73, 701, 2999
What are the prime factors of 3590910435?
3, 5, 7, 43, 795329
List the prime factors of 54342787.
54342787
List the prime factors of 2994854861.
17, 11093, 15881
List the prime factors of 55001950.
2, 5, 1100039
List the prime factors of 253109580.
2, 3, 5, 179, 23567
What are the prime factors of 143572559?
13, 11044043
What are the prime factors of 1599847386?
2, 3, 19, 23, 610163
List the prime factors of 12513307.
12513307
What are the prime factors of 272233085?
5, 54446617
List the prime factors of 361768776.
2, 3, 47, 137, 2341
What are the prime factors of 24834461?
24834461
List the prime factors of 16197070.
2, 5, 383, 4229
List the prime factors of 494877639.
3, 164959213
What are the prime factors of 706077886?
2, 19, 31, 599387
List the prime factors of 302517668.
2, 409, 184913
List the prime factors of 392682268.
2, 11, 73757
What are the prime factors of 41927639?
13, 3225203
List the prime factors of 556936936.
2, 409, 170213
What are the prime factors of 561929078?
2, 1559, 180221
What are the prime factors of 55008873?
3, 2273, 2689
List the prime factors of 819566283.
3, 43, 6353227
What are the prime factors of 100107306?
2, 3, 13, 59, 2417
What are the prime factors of 29285980?
2, 5, 1464299
List the prime factors of 2794196734.
2, 7, 19, 10504499
List the prime factors of 157195726.
2, 1283, 61261
What are the prime factors of 6006219422?
2, 7, 67, 6403219
What are the prime factors of 1714188816?
2, 3, 19, 61, 10271
List the prime factors of 1234780968.
2, 3, 19, 2707853
What are the prime factors of 3991435490?
2, 5, 7, 57020507
What are the prime factors of 23161403?
23161403
What are the prime factors of 976338856?
2, 4679, 26083
What are the prime factors of 836782988?
2, 209195747
What are the prime factors of 42942194?
2, 21471097
List the prime factors of 2790363011.
131, 21300481
What are the prime factors of 593852467?
13, 19, 83, 349
List the prime factors of 18182533.
18182533
List the prime factors of 50354210.
2, 5, 5035421
List the prime factors of 143030840.
2, 5, 3575771
What are the prime factors of 8200506514?
2, 19, 41, 47, 53, 2113
List the prime factors of 176327719.
67, 71, 101, 367
List the prime factors of 254390898.
2, 3, 31, 383, 3571
List the prime factors of 78582988.
2, 11, 1785977
What are the prime factors of 1338184551?
3, 11, 23, 1763089
List the prime factors of 7011770318.
2, 7, 43, 11647459
What are the prime factors of 445262617?
445262617
List the prime factors of 92042826.
2, 3, 23, 47, 617
What are the prime factors of 7337252915?
5, 127, 157, 73597
What are the prime factors of 102834252?
2, 3, 952169
List the prime factors of 177954531.
3, 79, 750863
What are the prime factors of 384596217?
3, 3559, 12007
What are the prime factors of 175491587?
23, 7630069
What are the prime factors of 559759001?
283, 673, 2939
List the prime factors of 11137465.
5, 17, 283, 463
List the prime factors of 3559132462.
2, 83, 359, 59723
What are the prime factors of 120102554?
2, 11, 13, 32303
List the prime factors of 1081913605.
5, 216382721
List the prime factors of 58144697.
13, 1249, 3581
List the prime factors of 49010470.
2, 5, 23, 409, 521
List the prime factors of 1157787188.
2, 1879, 154043
List the prime factors of 48989122.
2, 7, 13, 38453
What are the prime factors of 1207063454?
2, 4987, 121021
List the prime factors of 902266183.
7, 13, 29, 229, 1493
What are the prime factors of 241543829?
2609, 92581
What are the prime factors of 402343378?
2, 201171689
List the prime factors of 50112998.
2, 13, 23, 47, 1783
What are the prime factors of 1666690391?
2143, 777737
List the prime factors of 46587860.
2, 5, 11, 421, 503
What are the prime factors of 2081422463?
17791, 116993
List the prime factors of 37076630.
2, 5, 3707663
List the prime factors of 210121210.
2, 5, 13, 61, 26497
What are the prime factors of 230580852?
2, 3, 31, 619841
List the prime factors of 23995846.
2, 7, 1713989
What are the prime factors of 278051788?
2, 7, 101, 98321
List the prime factors of 9966845.
5, 7, 17, 2393
List the prime factors of 86233430.
2, 5, 421, 20483
List the prime factors of 1712961479.
1712961479
List the prime factors of 2952846565.
5, 31, 19050623
What are the prime factors of 317285597?
10847, 29251
List the prime factors of 702327481.
29, 24218189
What are the prime factors of 33008587?
89, 370883
List the prime factors of 975395191.
19, 31, 1656019
What are the prime factors of 110270873?
103, 719, 1489
List the prime factors of 210571638.
2, 3, 1607, 21839
List the prime factors of 239160919.
1427, 167597
List the prime factors of 5476502177.
5476502177
List the prime factors of 169002172.
2, 79, 257, 2081
What are the prime factors of 203189457?
3, 17, 29, 137383
List the prime factors of 16139951